{"id":22176,"date":"2022-12-13T16:37:15","date_gmt":"2022-12-13T15:37:15","guid":{"rendered":"https:\/\/ilgiardinodicorten.it\/prodotto\/tebe-euclide\/"},"modified":"2022-12-13T16:37:15","modified_gmt":"2022-12-13T15:37:15","slug":"tebe-euclide","status":"publish","type":"product","link":"https:\/\/ilgiardinodicorten.it\/de\/produkt\/tebe-euclide\/","title":{"rendered":"Tebe Euclide"},"content":{"rendered":"<p>Vertikale Vasen mit quadratischen Formen, erh\u00e4ltlich in zwei Gr\u00f6\u00dfen, die einzeln oder in mehreren Kompositionen verwendet werden k\u00f6nnen. Sie sind mit einem internen System ausgestattet, um Wasser zu speichern und es allm\u00e4hlich in den Boden abzugeben.<\/p>\n<p><strong>Tebe Euclide 100<\/strong><br \/>\nCode: 10406C10<br \/>\nMa\u00dfe: 40 x 40 x 94 x 60 cm<br \/>\nGewicht: 12 kg<\/p>\n<p><strong>Tebe Euclide 160<\/strong><br \/>\nCode: 10406C16<br \/>\nMa\u00dfe: 84 x 84 x 160 cm<br \/>\nGewicht: 30kg<\/p>\n","protected":false},"excerpt":{"rendered":"<p>Der Eckpflanzer hat essentielle und strenge Linien und ein internes System, um Wasser zu speichern und es allm\u00e4hlich in den Boden abzugeben.<\/p>\n","protected":false},"featured_media":21463,"template":"","meta":{"_acf_changed":false},"product_brand":[],"product_cat":[282],"product_tag":[],"class_list":{"0":"post-22176","1":"product","2":"type-product","3":"status-publish","4":"has-post-thumbnail","6":"product_cat-pflanzgefasen","7":"product_shipping_class-spedizione-48-de","10":"first","11":"instock","12":"taxable","13":"shipping-taxable","14":"purchasable","15":"product-type-variable"},"acf":[],"yoast_head":"<!-- This site is optimized with the Yoast SEO plugin v27.4 - https:\/\/yoast.com\/product\/yoast-seo-wordpress\/ -->\n<title>Tebe Euclide - Il Giardino di Corten<\/title>\n<meta name=\"robots\" content=\"index, follow, max-snippet:-1, max-image-preview:large, max-video-preview:-1\" \/>\n<link rel=\"canonical\" href=\"https:\/\/ilgiardinodicorten.it\/produkt\/tebe-euclide\/\" \/>\n<meta property=\"og:locale\" content=\"de_DE\" \/>\n<meta property=\"og:type\" content=\"article\" \/>\n<meta property=\"og:title\" content=\"Tebe Euclide - Il Giardino di Corten\" \/>\n<meta property=\"og:description\" content=\"Der Eckpflanzer hat essentielle und strenge Linien und ein internes System, um Wasser zu speichern und es allm\u00e4hlich in den Boden abzugeben.\" \/>\n<meta property=\"og:url\" content=\"https:\/\/ilgiardinodicorten.it\/produkt\/tebe-euclide\/\" \/>\n<meta property=\"og:site_name\" content=\"Il Giardino di Corten\" \/>\n<meta property=\"og:image\" content=\"https:\/\/ilgiardinodicorten.it\/wp-content\/uploads\/2022\/12\/fioriera-tebe-euclide.jpg\" \/>\n\t<meta property=\"og:image:width\" content=\"546\" \/>\n\t<meta property=\"og:image:height\" content=\"711\" \/>\n\t<meta property=\"og:image:type\" content=\"image\/jpeg\" \/>\n<meta name=\"twitter:card\" content=\"summary_large_image\" \/>\n<script type=\"application\/ld+json\" class=\"yoast-schema-graph\">{\"@context\":\"https:\\\/\\\/schema.org\",\"@graph\":[{\"@type\":\"WebPage\",\"@id\":\"https:\\\/\\\/ilgiardinodicorten.it\\\/produkt\\\/tebe-euclide\\\/\",\"url\":\"https:\\\/\\\/ilgiardinodicorten.it\\\/produkt\\\/tebe-euclide\\\/\",\"name\":\"Tebe Euclide - Il Giardino di Corten\",\"isPartOf\":{\"@id\":\"https:\\\/\\\/ilgiardinodicorten.it\\\/#website\"},\"primaryImageOfPage\":{\"@id\":\"https:\\\/\\\/ilgiardinodicorten.it\\\/produkt\\\/tebe-euclide\\\/#primaryimage\"},\"image\":{\"@id\":\"https:\\\/\\\/ilgiardinodicorten.it\\\/produkt\\\/tebe-euclide\\\/#primaryimage\"},\"thumbnailUrl\":\"https:\\\/\\\/ilgiardinodicorten.it\\\/wp-content\\\/uploads\\\/2022\\\/12\\\/fioriera-tebe-euclide.jpg\",\"datePublished\":\"2022-12-13T15:37:15+00:00\",\"breadcrumb\":{\"@id\":\"https:\\\/\\\/ilgiardinodicorten.it\\\/produkt\\\/tebe-euclide\\\/#breadcrumb\"},\"inLanguage\":\"de\",\"potentialAction\":[{\"@type\":\"ReadAction\",\"target\":[\"https:\\\/\\\/ilgiardinodicorten.it\\\/produkt\\\/tebe-euclide\\\/\"]}]},{\"@type\":\"ImageObject\",\"inLanguage\":\"de\",\"@id\":\"https:\\\/\\\/ilgiardinodicorten.it\\\/produkt\\\/tebe-euclide\\\/#primaryimage\",\"url\":\"https:\\\/\\\/ilgiardinodicorten.it\\\/wp-content\\\/uploads\\\/2022\\\/12\\\/fioriera-tebe-euclide.jpg\",\"contentUrl\":\"https:\\\/\\\/ilgiardinodicorten.it\\\/wp-content\\\/uploads\\\/2022\\\/12\\\/fioriera-tebe-euclide.jpg\",\"width\":546,\"height\":711},{\"@type\":\"BreadcrumbList\",\"@id\":\"https:\\\/\\\/ilgiardinodicorten.it\\\/produkt\\\/tebe-euclide\\\/#breadcrumb\",\"itemListElement\":[{\"@type\":\"ListItem\",\"position\":1,\"name\":\"Home\",\"item\":\"https:\\\/\\\/ilgiardinodicorten.it\\\/de\\\/\"},{\"@type\":\"ListItem\",\"position\":2,\"name\":\"Einkaufen\",\"item\":\"https:\\\/\\\/ilgiardinodicorten.it\\\/de\\\/einkaufen\\\/\"},{\"@type\":\"ListItem\",\"position\":3,\"name\":\"Tebe Euclide\"}]},{\"@type\":\"WebSite\",\"@id\":\"https:\\\/\\\/ilgiardinodicorten.it\\\/#website\",\"url\":\"https:\\\/\\\/ilgiardinodicorten.it\\\/\",\"name\":\"Il Giardino di Corten\",\"description\":\"\",\"potentialAction\":[{\"@type\":\"SearchAction\",\"target\":{\"@type\":\"EntryPoint\",\"urlTemplate\":\"https:\\\/\\\/ilgiardinodicorten.it\\\/?s={search_term_string}\"},\"query-input\":{\"@type\":\"PropertyValueSpecification\",\"valueRequired\":true,\"valueName\":\"search_term_string\"}}],\"inLanguage\":\"de\"}]}<\/script>\n<!-- \/ Yoast SEO plugin. -->","yoast_head_json":{"title":"Tebe Euclide - Il Giardino di Corten","robots":{"index":"index","follow":"follow","max-snippet":"max-snippet:-1","max-image-preview":"max-image-preview:large","max-video-preview":"max-video-preview:-1"},"canonical":"https:\/\/ilgiardinodicorten.it\/produkt\/tebe-euclide\/","og_locale":"de_DE","og_type":"article","og_title":"Tebe Euclide - Il Giardino di Corten","og_description":"Der Eckpflanzer hat essentielle und strenge Linien und ein internes System, um Wasser zu speichern und es allm\u00e4hlich in den Boden abzugeben.","og_url":"https:\/\/ilgiardinodicorten.it\/produkt\/tebe-euclide\/","og_site_name":"Il Giardino di Corten","og_image":[{"width":546,"height":711,"url":"https:\/\/ilgiardinodicorten.it\/wp-content\/uploads\/2022\/12\/fioriera-tebe-euclide.jpg","type":"image\/jpeg"}],"twitter_card":"summary_large_image","schema":{"@context":"https:\/\/schema.org","@graph":[{"@type":"WebPage","@id":"https:\/\/ilgiardinodicorten.it\/produkt\/tebe-euclide\/","url":"https:\/\/ilgiardinodicorten.it\/produkt\/tebe-euclide\/","name":"Tebe Euclide - Il Giardino di Corten","isPartOf":{"@id":"https:\/\/ilgiardinodicorten.it\/#website"},"primaryImageOfPage":{"@id":"https:\/\/ilgiardinodicorten.it\/produkt\/tebe-euclide\/#primaryimage"},"image":{"@id":"https:\/\/ilgiardinodicorten.it\/produkt\/tebe-euclide\/#primaryimage"},"thumbnailUrl":"https:\/\/ilgiardinodicorten.it\/wp-content\/uploads\/2022\/12\/fioriera-tebe-euclide.jpg","datePublished":"2022-12-13T15:37:15+00:00","breadcrumb":{"@id":"https:\/\/ilgiardinodicorten.it\/produkt\/tebe-euclide\/#breadcrumb"},"inLanguage":"de","potentialAction":[{"@type":"ReadAction","target":["https:\/\/ilgiardinodicorten.it\/produkt\/tebe-euclide\/"]}]},{"@type":"ImageObject","inLanguage":"de","@id":"https:\/\/ilgiardinodicorten.it\/produkt\/tebe-euclide\/#primaryimage","url":"https:\/\/ilgiardinodicorten.it\/wp-content\/uploads\/2022\/12\/fioriera-tebe-euclide.jpg","contentUrl":"https:\/\/ilgiardinodicorten.it\/wp-content\/uploads\/2022\/12\/fioriera-tebe-euclide.jpg","width":546,"height":711},{"@type":"BreadcrumbList","@id":"https:\/\/ilgiardinodicorten.it\/produkt\/tebe-euclide\/#breadcrumb","itemListElement":[{"@type":"ListItem","position":1,"name":"Home","item":"https:\/\/ilgiardinodicorten.it\/de\/"},{"@type":"ListItem","position":2,"name":"Einkaufen","item":"https:\/\/ilgiardinodicorten.it\/de\/einkaufen\/"},{"@type":"ListItem","position":3,"name":"Tebe Euclide"}]},{"@type":"WebSite","@id":"https:\/\/ilgiardinodicorten.it\/#website","url":"https:\/\/ilgiardinodicorten.it\/","name":"Il Giardino di Corten","description":"","potentialAction":[{"@type":"SearchAction","target":{"@type":"EntryPoint","urlTemplate":"https:\/\/ilgiardinodicorten.it\/?s={search_term_string}"},"query-input":{"@type":"PropertyValueSpecification","valueRequired":true,"valueName":"search_term_string"}}],"inLanguage":"de"}]}},"_links":{"self":[{"href":"https:\/\/ilgiardinodicorten.it\/de\/wp-json\/wp\/v2\/product\/22176","targetHints":{"allow":["GET"]}}],"collection":[{"href":"https:\/\/ilgiardinodicorten.it\/de\/wp-json\/wp\/v2\/product"}],"about":[{"href":"https:\/\/ilgiardinodicorten.it\/de\/wp-json\/wp\/v2\/types\/product"}],"wp:featuredmedia":[{"embeddable":true,"href":"https:\/\/ilgiardinodicorten.it\/de\/wp-json\/wp\/v2\/media\/21463"}],"wp:attachment":[{"href":"https:\/\/ilgiardinodicorten.it\/de\/wp-json\/wp\/v2\/media?parent=22176"}],"wp:term":[{"taxonomy":"product_brand","embeddable":true,"href":"https:\/\/ilgiardinodicorten.it\/de\/wp-json\/wp\/v2\/product_brand?post=22176"},{"taxonomy":"product_cat","embeddable":true,"href":"https:\/\/ilgiardinodicorten.it\/de\/wp-json\/wp\/v2\/product_cat?post=22176"},{"taxonomy":"product_tag","embeddable":true,"href":"https:\/\/ilgiardinodicorten.it\/de\/wp-json\/wp\/v2\/product_tag?post=22176"}],"curies":[{"name":"wp","href":"https:\/\/api.w.org\/{rel}","templated":true}]}}

<p>Vertikale Vasen mit quadratischen Formen, erhältlich in zwei Größen, die einzeln oder in mehreren Kompositionen verwendet werden können. Sie sind mit einem internen System ausgestattet, um Wasser zu speichern und es allmählich in den Boden abzugeben.</p>
<p><strong>Tebe Euclide 100</strong><br />
Code: 10406C10<br />
Maße: 40 x 40 x 94 x 60 cm<br />
Gewicht: 12 kg</p>
<p><strong>Tebe Euclide 160</strong><br />
Code: 10406C16<br />
Maße: 84 x 84 x 160 cm<br />
Gewicht: 30kg</p>

<p>Der Eckpflanzer hat essentielle und strenge Linien und ein internes System, um Wasser zu speichern und es allmählich in den Boden abzugeben.</p>

<!-- This site is optimized with the Yoast SEO plugin v27.4 - https://yoast.com/product/yoast-seo-wordpress/ -->
<title>Tebe Euclide - Il Giardino di Corten</title>
<meta name="robots" content="index, follow, max-snippet:-1, max-image-preview:large, max-video-preview:-1" />
<link rel="canonical" href="https://ilgiardinodicorten.it/produkt/tebe-euclide/" />
<meta property="og:locale" content="de_DE" />
<meta property="og:type" content="article" />
<meta property="og:title" content="Tebe Euclide - Il Giardino di Corten" />
<meta property="og:description" content="Der Eckpflanzer hat essentielle und strenge Linien und ein internes System, um Wasser zu speichern und es allmählich in den Boden abzugeben." />
<meta property="og:url" content="https://ilgiardinodicorten.it/produkt/tebe-euclide/" />
<meta property="og:site_name" content="Il Giardino di Corten" />
<meta property="og:image" content="https://ilgiardinodicorten.it/wp-content/uploads/2022/12/fioriera-tebe-euclide.jpg" />
	<meta property="og:image:width" content="546" />
	<meta property="og:image:height" content="711" />
	<meta property="og:image:type" content="image/jpeg" />
<meta name="twitter:card" content="summary_large_image" />
<script type="application/ld+json" class="yoast-schema-graph">{"@context":"https:\/\/schema.org","@graph":[{"@type":"WebPage","@id":"https:\/\/ilgiardinodicorten.it\/produkt\/tebe-euclide\/","url":"https:\/\/ilgiardinodicorten.it\/produkt\/tebe-euclide\/","name":"Tebe Euclide - Il Giardino di Corten","isPartOf":{"@id":"https:\/\/ilgiardinodicorten.it\/#website"},"primaryImageOfPage":{"@id":"https:\/\/ilgiardinodicorten.it\/produkt\/tebe-euclide\/#primaryimage"},"image":{"@id":"https:\/\/ilgiardinodicorten.it\/produkt\/tebe-euclide\/#primaryimage"},"thumbnailUrl":"https:\/\/ilgiardinodicorten.it\/wp-content\/uploads\/2022\/12\/fioriera-tebe-euclide.jpg","datePublished":"2022-12-13T15:37:15+00:00","breadcrumb":{"@id":"https:\/\/ilgiardinodicorten.it\/produkt\/tebe-euclide\/#breadcrumb"},"inLanguage":"de","potentialAction":[{"@type":"ReadAction","target":["https:\/\/ilgiardinodicorten.it\/produkt\/tebe-euclide\/"]}]},{"@type":"ImageObject","inLanguage":"de","@id":"https:\/\/ilgiardinodicorten.it\/produkt\/tebe-euclide\/#primaryimage","url":"https:\/\/ilgiardinodicorten.it\/wp-content\/uploads\/2022\/12\/fioriera-tebe-euclide.jpg","contentUrl":"https:\/\/ilgiardinodicorten.it\/wp-content\/uploads\/2022\/12\/fioriera-tebe-euclide.jpg","width":546,"height":711},{"@type":"BreadcrumbList","@id":"https:\/\/ilgiardinodicorten.it\/produkt\/tebe-euclide\/#breadcrumb","itemListElement":[{"@type":"ListItem","position":1,"name":"Home","item":"https:\/\/ilgiardinodicorten.it\/de\/"},{"@type":"ListItem","position":2,"name":"Einkaufen","item":"https:\/\/ilgiardinodicorten.it\/de\/einkaufen\/"},{"@type":"ListItem","position":3,"name":"Tebe Euclide"}]},{"@type":"WebSite","@id":"https:\/\/ilgiardinodicorten.it\/#website","url":"https:\/\/ilgiardinodicorten.it\/","name":"Il Giardino di Corten","description":"","potentialAction":[{"@type":"SearchAction","target":{"@type":"EntryPoint","urlTemplate":"https:\/\/ilgiardinodicorten.it\/?s={search_term_string}"},"query-input":{"@type":"PropertyValueSpecification","valueRequired":true,"valueName":"search_term_string"}}],"inLanguage":"de"}]}</script>
<!-- / Yoast SEO plugin. -->

Der Eckpflanzer hat essentielle und strenge Linien und ein internes System, um Wasser zu speichern und es allmählich in den Boden abzugeben.
