{"id":22294,"date":"2017-10-11T08:31:21","date_gmt":"2017-10-11T06:31:21","guid":{"rendered":"https:\/\/ilgiardinodicorten.it\/prodotto\/fioriera-tebe-trapezio\/"},"modified":"2017-10-11T08:31:21","modified_gmt":"2017-10-11T06:31:21","slug":"fioriera-tebe-trapezio","status":"publish","type":"product","link":"https:\/\/ilgiardinodicorten.it\/de\/produkt\/fioriera-tebe-trapezio\/","title":{"rendered":"Fioriera Tebe Trapezio"},"content":{"rendered":"<p>Mit klaren und quadratischen Linien kann es an bestehenden W\u00e4nden angebracht werden, um die H\u00f6he eines Zauns zu erh\u00f6hen, was einen angenehmen \u00e4sthetischen Effekt ergibt. Es ist mit einem internen System ausgestattet, um Wasser zu speichern und es allm\u00e4hlich in den Boden abzugeben.<\/p>\n<p><strong>ABMESSUNGEN:<br \/>\n<\/strong>H\u00f6he: 100 cm<br \/>\nBreite: 70cm<br \/>\nTiefe: 42 cm<br \/>\nGewicht: 38 kg<\/p>\n","protected":false},"excerpt":{"rendered":"<p>Der Tebe Trapezio-Pflanzkasten ist eine freistehende Vase, die an einer Wand platziert werden kann, um ihre H\u00f6he zu verl\u00e4ngern oder ihre \u00c4sthetik zu verbessern.<\/p>\n","protected":false},"featured_media":20778,"template":"","meta":{"_acf_changed":false},"product_brand":[],"product_cat":[282],"product_tag":[],"class_list":{"0":"post-22294","1":"product","2":"type-product","3":"status-publish","4":"has-post-thumbnail","6":"product_cat-pflanzgefasen","7":"product_shipping_class-spedizione-48-de","10":"first","11":"instock","12":"taxable","13":"shipping-taxable","14":"purchasable","15":"product-type-simple"},"acf":[],"yoast_head":"<!-- This site is optimized with the Yoast SEO plugin v27.5 - https:\/\/yoast.com\/product\/yoast-seo-wordpress\/ -->\n<title>Fioriera Tebe Trapezio - Il Giardino di Corten<\/title>\n<meta name=\"robots\" content=\"index, follow, max-snippet:-1, max-image-preview:large, max-video-preview:-1\" \/>\n<link rel=\"canonical\" href=\"https:\/\/ilgiardinodicorten.it\/de\/produkt\/fioriera-tebe-trapezio\/\" \/>\n<meta property=\"og:locale\" content=\"de_DE\" \/>\n<meta property=\"og:type\" content=\"article\" \/>\n<meta property=\"og:title\" content=\"Fioriera Tebe Trapezio - Il Giardino di Corten\" \/>\n<meta property=\"og:description\" content=\"Der Tebe Trapezio-Pflanzkasten ist eine freistehende Vase, die an einer Wand platziert werden kann, um ihre H\u00f6he zu verl\u00e4ngern oder ihre \u00c4sthetik zu verbessern.\" \/>\n<meta property=\"og:url\" content=\"https:\/\/ilgiardinodicorten.it\/de\/produkt\/fioriera-tebe-trapezio\/\" \/>\n<meta property=\"og:site_name\" content=\"Il Giardino di Corten\" \/>\n<meta property=\"og:image\" content=\"https:\/\/ilgiardinodicorten.it\/wp-content\/uploads\/2017\/10\/fioriera-tebe-trapezio-fiorerie-clori.jpg\" \/>\n\t<meta property=\"og:image:width\" content=\"800\" \/>\n\t<meta property=\"og:image:height\" content=\"533\" \/>\n\t<meta property=\"og:image:type\" content=\"image\/jpeg\" \/>\n<meta name=\"twitter:card\" content=\"summary_large_image\" \/>\n<script type=\"application\/ld+json\" class=\"yoast-schema-graph\">{\"@context\":\"https:\\\/\\\/schema.org\",\"@graph\":[{\"@type\":\"WebPage\",\"@id\":\"https:\\\/\\\/ilgiardinodicorten.it\\\/de\\\/produkt\\\/fioriera-tebe-trapezio\\\/\",\"url\":\"https:\\\/\\\/ilgiardinodicorten.it\\\/de\\\/produkt\\\/fioriera-tebe-trapezio\\\/\",\"name\":\"Fioriera Tebe Trapezio - Il Giardino di Corten\",\"isPartOf\":{\"@id\":\"https:\\\/\\\/ilgiardinodicorten.it\\\/#website\"},\"primaryImageOfPage\":{\"@id\":\"https:\\\/\\\/ilgiardinodicorten.it\\\/de\\\/produkt\\\/fioriera-tebe-trapezio\\\/#primaryimage\"},\"image\":{\"@id\":\"https:\\\/\\\/ilgiardinodicorten.it\\\/de\\\/produkt\\\/fioriera-tebe-trapezio\\\/#primaryimage\"},\"thumbnailUrl\":\"https:\\\/\\\/ilgiardinodicorten.it\\\/wp-content\\\/uploads\\\/2017\\\/10\\\/fioriera-tebe-trapezio-fiorerie-clori.jpg\",\"datePublished\":\"2017-10-11T06:31:21+00:00\",\"breadcrumb\":{\"@id\":\"https:\\\/\\\/ilgiardinodicorten.it\\\/de\\\/produkt\\\/fioriera-tebe-trapezio\\\/#breadcrumb\"},\"inLanguage\":\"de\",\"potentialAction\":[{\"@type\":\"ReadAction\",\"target\":[\"https:\\\/\\\/ilgiardinodicorten.it\\\/de\\\/produkt\\\/fioriera-tebe-trapezio\\\/\"]}]},{\"@type\":\"ImageObject\",\"inLanguage\":\"de\",\"@id\":\"https:\\\/\\\/ilgiardinodicorten.it\\\/de\\\/produkt\\\/fioriera-tebe-trapezio\\\/#primaryimage\",\"url\":\"https:\\\/\\\/ilgiardinodicorten.it\\\/wp-content\\\/uploads\\\/2017\\\/10\\\/fioriera-tebe-trapezio-fiorerie-clori.jpg\",\"contentUrl\":\"https:\\\/\\\/ilgiardinodicorten.it\\\/wp-content\\\/uploads\\\/2017\\\/10\\\/fioriera-tebe-trapezio-fiorerie-clori.jpg\",\"width\":800,\"height\":533},{\"@type\":\"BreadcrumbList\",\"@id\":\"https:\\\/\\\/ilgiardinodicorten.it\\\/de\\\/produkt\\\/fioriera-tebe-trapezio\\\/#breadcrumb\",\"itemListElement\":[{\"@type\":\"ListItem\",\"position\":1,\"name\":\"Home\",\"item\":\"https:\\\/\\\/ilgiardinodicorten.it\\\/de\\\/\"},{\"@type\":\"ListItem\",\"position\":2,\"name\":\"Einkaufen\",\"item\":\"https:\\\/\\\/ilgiardinodicorten.it\\\/de\\\/einkaufen\\\/\"},{\"@type\":\"ListItem\",\"position\":3,\"name\":\"Fioriera Tebe Trapezio\"}]},{\"@type\":\"WebSite\",\"@id\":\"https:\\\/\\\/ilgiardinodicorten.it\\\/#website\",\"url\":\"https:\\\/\\\/ilgiardinodicorten.it\\\/\",\"name\":\"Il Giardino di Corten\",\"description\":\"\",\"potentialAction\":[{\"@type\":\"SearchAction\",\"target\":{\"@type\":\"EntryPoint\",\"urlTemplate\":\"https:\\\/\\\/ilgiardinodicorten.it\\\/?s={search_term_string}\"},\"query-input\":{\"@type\":\"PropertyValueSpecification\",\"valueRequired\":true,\"valueName\":\"search_term_string\"}}],\"inLanguage\":\"de\"}]}<\/script>\n<!-- \/ Yoast SEO plugin. -->","yoast_head_json":{"title":"Fioriera Tebe Trapezio - Il Giardino di Corten","robots":{"index":"index","follow":"follow","max-snippet":"max-snippet:-1","max-image-preview":"max-image-preview:large","max-video-preview":"max-video-preview:-1"},"canonical":"https:\/\/ilgiardinodicorten.it\/de\/produkt\/fioriera-tebe-trapezio\/","og_locale":"de_DE","og_type":"article","og_title":"Fioriera Tebe Trapezio - Il Giardino di Corten","og_description":"Der Tebe Trapezio-Pflanzkasten ist eine freistehende Vase, die an einer Wand platziert werden kann, um ihre H\u00f6he zu verl\u00e4ngern oder ihre \u00c4sthetik zu verbessern.","og_url":"https:\/\/ilgiardinodicorten.it\/de\/produkt\/fioriera-tebe-trapezio\/","og_site_name":"Il Giardino di Corten","og_image":[{"width":800,"height":533,"url":"https:\/\/ilgiardinodicorten.it\/wp-content\/uploads\/2017\/10\/fioriera-tebe-trapezio-fiorerie-clori.jpg","type":"image\/jpeg"}],"twitter_card":"summary_large_image","schema":{"@context":"https:\/\/schema.org","@graph":[{"@type":"WebPage","@id":"https:\/\/ilgiardinodicorten.it\/de\/produkt\/fioriera-tebe-trapezio\/","url":"https:\/\/ilgiardinodicorten.it\/de\/produkt\/fioriera-tebe-trapezio\/","name":"Fioriera Tebe Trapezio - Il Giardino di Corten","isPartOf":{"@id":"https:\/\/ilgiardinodicorten.it\/#website"},"primaryImageOfPage":{"@id":"https:\/\/ilgiardinodicorten.it\/de\/produkt\/fioriera-tebe-trapezio\/#primaryimage"},"image":{"@id":"https:\/\/ilgiardinodicorten.it\/de\/produkt\/fioriera-tebe-trapezio\/#primaryimage"},"thumbnailUrl":"https:\/\/ilgiardinodicorten.it\/wp-content\/uploads\/2017\/10\/fioriera-tebe-trapezio-fiorerie-clori.jpg","datePublished":"2017-10-11T06:31:21+00:00","breadcrumb":{"@id":"https:\/\/ilgiardinodicorten.it\/de\/produkt\/fioriera-tebe-trapezio\/#breadcrumb"},"inLanguage":"de","potentialAction":[{"@type":"ReadAction","target":["https:\/\/ilgiardinodicorten.it\/de\/produkt\/fioriera-tebe-trapezio\/"]}]},{"@type":"ImageObject","inLanguage":"de","@id":"https:\/\/ilgiardinodicorten.it\/de\/produkt\/fioriera-tebe-trapezio\/#primaryimage","url":"https:\/\/ilgiardinodicorten.it\/wp-content\/uploads\/2017\/10\/fioriera-tebe-trapezio-fiorerie-clori.jpg","contentUrl":"https:\/\/ilgiardinodicorten.it\/wp-content\/uploads\/2017\/10\/fioriera-tebe-trapezio-fiorerie-clori.jpg","width":800,"height":533},{"@type":"BreadcrumbList","@id":"https:\/\/ilgiardinodicorten.it\/de\/produkt\/fioriera-tebe-trapezio\/#breadcrumb","itemListElement":[{"@type":"ListItem","position":1,"name":"Home","item":"https:\/\/ilgiardinodicorten.it\/de\/"},{"@type":"ListItem","position":2,"name":"Einkaufen","item":"https:\/\/ilgiardinodicorten.it\/de\/einkaufen\/"},{"@type":"ListItem","position":3,"name":"Fioriera Tebe Trapezio"}]},{"@type":"WebSite","@id":"https:\/\/ilgiardinodicorten.it\/#website","url":"https:\/\/ilgiardinodicorten.it\/","name":"Il Giardino di Corten","description":"","potentialAction":[{"@type":"SearchAction","target":{"@type":"EntryPoint","urlTemplate":"https:\/\/ilgiardinodicorten.it\/?s={search_term_string}"},"query-input":{"@type":"PropertyValueSpecification","valueRequired":true,"valueName":"search_term_string"}}],"inLanguage":"de"}]}},"_links":{"self":[{"href":"https:\/\/ilgiardinodicorten.it\/de\/wp-json\/wp\/v2\/product\/22294","targetHints":{"allow":["GET"]}}],"collection":[{"href":"https:\/\/ilgiardinodicorten.it\/de\/wp-json\/wp\/v2\/product"}],"about":[{"href":"https:\/\/ilgiardinodicorten.it\/de\/wp-json\/wp\/v2\/types\/product"}],"wp:featuredmedia":[{"embeddable":true,"href":"https:\/\/ilgiardinodicorten.it\/de\/wp-json\/wp\/v2\/media\/20778"}],"wp:attachment":[{"href":"https:\/\/ilgiardinodicorten.it\/de\/wp-json\/wp\/v2\/media?parent=22294"}],"wp:term":[{"taxonomy":"product_brand","embeddable":true,"href":"https:\/\/ilgiardinodicorten.it\/de\/wp-json\/wp\/v2\/product_brand?post=22294"},{"taxonomy":"product_cat","embeddable":true,"href":"https:\/\/ilgiardinodicorten.it\/de\/wp-json\/wp\/v2\/product_cat?post=22294"},{"taxonomy":"product_tag","embeddable":true,"href":"https:\/\/ilgiardinodicorten.it\/de\/wp-json\/wp\/v2\/product_tag?post=22294"}],"curies":[{"name":"wp","href":"https:\/\/api.w.org\/{rel}","templated":true}]}}

<p>Mit klaren und quadratischen Linien kann es an bestehenden Wänden angebracht werden, um die Höhe eines Zauns zu erhöhen, was einen angenehmen ästhetischen Effekt ergibt. Es ist mit einem internen System ausgestattet, um Wasser zu speichern und es allmählich in den Boden abzugeben.</p>
<p><strong>ABMESSUNGEN:<br />
</strong>Höhe: 100 cm<br />
Breite: 70cm<br />
Tiefe: 42 cm<br />
Gewicht: 38 kg</p>

<p>Der Tebe Trapezio-Pflanzkasten ist eine freistehende Vase, die an einer Wand platziert werden kann, um ihre Höhe zu verlängern oder ihre Ästhetik zu verbessern.</p>

<!-- This site is optimized with the Yoast SEO plugin v27.5 - https://yoast.com/product/yoast-seo-wordpress/ -->
<title>Fioriera Tebe Trapezio - Il Giardino di Corten</title>
<meta name="robots" content="index, follow, max-snippet:-1, max-image-preview:large, max-video-preview:-1" />
<link rel="canonical" href="https://ilgiardinodicorten.it/de/produkt/fioriera-tebe-trapezio/" />
<meta property="og:locale" content="de_DE" />
<meta property="og:type" content="article" />
<meta property="og:title" content="Fioriera Tebe Trapezio - Il Giardino di Corten" />
<meta property="og:description" content="Der Tebe Trapezio-Pflanzkasten ist eine freistehende Vase, die an einer Wand platziert werden kann, um ihre Höhe zu verlängern oder ihre Ästhetik zu verbessern." />
<meta property="og:url" content="https://ilgiardinodicorten.it/de/produkt/fioriera-tebe-trapezio/" />
<meta property="og:site_name" content="Il Giardino di Corten" />
<meta property="og:image" content="https://ilgiardinodicorten.it/wp-content/uploads/2017/10/fioriera-tebe-trapezio-fiorerie-clori.jpg" />
	<meta property="og:image:width" content="800" />
	<meta property="og:image:height" content="533" />
	<meta property="og:image:type" content="image/jpeg" />
<meta name="twitter:card" content="summary_large_image" />
<script type="application/ld+json" class="yoast-schema-graph">{"@context":"https:\/\/schema.org","@graph":[{"@type":"WebPage","@id":"https:\/\/ilgiardinodicorten.it\/de\/produkt\/fioriera-tebe-trapezio\/","url":"https:\/\/ilgiardinodicorten.it\/de\/produkt\/fioriera-tebe-trapezio\/","name":"Fioriera Tebe Trapezio - Il Giardino di Corten","isPartOf":{"@id":"https:\/\/ilgiardinodicorten.it\/#website"},"primaryImageOfPage":{"@id":"https:\/\/ilgiardinodicorten.it\/de\/produkt\/fioriera-tebe-trapezio\/#primaryimage"},"image":{"@id":"https:\/\/ilgiardinodicorten.it\/de\/produkt\/fioriera-tebe-trapezio\/#primaryimage"},"thumbnailUrl":"https:\/\/ilgiardinodicorten.it\/wp-content\/uploads\/2017\/10\/fioriera-tebe-trapezio-fiorerie-clori.jpg","datePublished":"2017-10-11T06:31:21+00:00","breadcrumb":{"@id":"https:\/\/ilgiardinodicorten.it\/de\/produkt\/fioriera-tebe-trapezio\/#breadcrumb"},"inLanguage":"de","potentialAction":[{"@type":"ReadAction","target":["https:\/\/ilgiardinodicorten.it\/de\/produkt\/fioriera-tebe-trapezio\/"]}]},{"@type":"ImageObject","inLanguage":"de","@id":"https:\/\/ilgiardinodicorten.it\/de\/produkt\/fioriera-tebe-trapezio\/#primaryimage","url":"https:\/\/ilgiardinodicorten.it\/wp-content\/uploads\/2017\/10\/fioriera-tebe-trapezio-fiorerie-clori.jpg","contentUrl":"https:\/\/ilgiardinodicorten.it\/wp-content\/uploads\/2017\/10\/fioriera-tebe-trapezio-fiorerie-clori.jpg","width":800,"height":533},{"@type":"BreadcrumbList","@id":"https:\/\/ilgiardinodicorten.it\/de\/produkt\/fioriera-tebe-trapezio\/#breadcrumb","itemListElement":[{"@type":"ListItem","position":1,"name":"Home","item":"https:\/\/ilgiardinodicorten.it\/de\/"},{"@type":"ListItem","position":2,"name":"Einkaufen","item":"https:\/\/ilgiardinodicorten.it\/de\/einkaufen\/"},{"@type":"ListItem","position":3,"name":"Fioriera Tebe Trapezio"}]},{"@type":"WebSite","@id":"https:\/\/ilgiardinodicorten.it\/#website","url":"https:\/\/ilgiardinodicorten.it\/","name":"Il Giardino di Corten","description":"","potentialAction":[{"@type":"SearchAction","target":{"@type":"EntryPoint","urlTemplate":"https:\/\/ilgiardinodicorten.it\/?s={search_term_string}"},"query-input":{"@type":"PropertyValueSpecification","valueRequired":true,"valueName":"search_term_string"}}],"inLanguage":"de"}]}</script>
<!-- / Yoast SEO plugin. -->

Der Tebe Trapezio-Pflanzkasten ist eine freistehende Vase, die an einer Wand platziert werden kann, um ihre Höhe zu verlängern oder ihre Ästhetik zu verbessern.
